726?
1
What is the hundreds digit of 32431210?
2
What is the ten thousands digit of 30655150?
5
What is the tens digit of 5829371403?
0
What is the ten thousands digit of 2699644026?
4
What is the millions digit of 45393841?
5
What is the tens digit of 96414610?
1
What is the billions digit of 1029395367?
1
What is the millions digit of 369984696?
9
What is the tens digit of 224135217?
1
What is the thousands digit of 434044107?
4
What is the tens digit of 575112155?
5
What is the units digit of 39980953?
3
What is the millions digit of 456846213?
6
What is the hundred thousands digit of 214491768?
4
What is the billions digit of 1334767678?
1
What is the ten millions digit of 3269980911?
6
What is the hundreds digit of 46575575?
5
What is the ten thousands digit of 921342044?
4
What is the ten thousands digit of 230480406?
8
What is the thousands digit of 34938698?
8
What is the hundreds digit of 868419826?
8
What is the millions digit of 37647860?
7
What is the ten millions digit of 19944736?
1
What is the ten thousands digit of 288488736?
8
What is the thousands digit of 1032653321?
3
What is the units digit of 2020195047?
7
What is the millions digit of 691033889?
1
What is the hundred millions digit of 3080181553?
0
What is the hundred thousands digit of 50600106?
6
What is the ten thousands digit of 23000194?
0
What is the hundred thousands digit of 23420297?
4
What is the units digit of 5536332?
2
What is the hundreds digit of 490329012?
0
What is the ten thousands digit of 2839195101?
9
What is the ten thousands digit of 394928332?
2
What is the thousands digit of 1545942157?
2
What is the hundred millions digit of 209825228?
2
What is the millions digit of 4558893468?
8
What is the hundred thousands digit of 1817213290?
2
What is the hundred thousands digit of 6149032?
1
What is the ten thousands digit of 275137414?
3
What is the ten millions digit of 2140451149?
4
What is the ten millions digit of 47125518?
4
What is the tens digit of 286044035?
3
What is the hundreds digit of 127164931?
9
What is the hundred millions digit of 738841903?
7
What is the hundred thousands digit of 3304993807?
9
What is the thousands digit of 57783665?
3
What is the hundreds digit of 402818308?
3
What is the thousands digit of 593270762?
0
What is the thousands digit of 35870658?
0
What is the hundred thousands digit of 120768527?
7
What is the ten thousands digit of 73633241?
3
What is the tens digit of 19025592?
9
What is the hundreds digit of 10185183?
1
What is the hundred millions digit of 534834583?
5
What is the ten thousands digit of 2528801354?
0
What is the hundred millions digit of 209787870?
2
What is the hundreds digit of 793780839?
8
What is the ten millions digit of 105017400?
0
What is the units digit of 116283579?
9
What is the hundred thousands digit of 106330530?
3
What is the hundred millions digit of 715922115?
7
What is the hundred thousands digit of 34520048?
5
What is the hundreds digit of 30710053?
0
What is the units digit of 83243359?
9
What is the hundreds digit of 35913914?
9
What is the ten thousands digit of 745650344?
5
What is the ten thousands digit of 112897956?
9
What is the thousands digit of 764551336?
1
What is the hundred thousands digit of 102930922?
9
What is the units digit of 493997900?
0
What is the tens digit of 300144817?
1
What is the tens digit of 228129074?
7
What is the thousands digit of 58129854?
9
What is the tens digit of 44272602?
0
What is the ten thousands digit of 112384437?
8
What is the tens digit of 210382779?
7
What is the hundred millions digit of 205968561?
2
What is the ten millions digit of 2718509762?
1
What is the ten millions digit of 618637887?
1
What is the thousands digit of 11807570?
7
What is the ten millions digit of 41197961?
4
What is the ten thousands digit of 84833736?
3
What is the ten thousands digit of 41345665?
4
What is the tens digit of 73388040?
4
What is the millions digit of 10808994?
0
What is the units digit of 4624149866?
6
What is the hundreds digit of 63707957?
9
What is the hundred thousands digit of 742482634?
4
What is the units digit of 465294012?
2
What is the tens digit of 55471687?
8
What is the hundred millions digit of 2616725840?
6
What is the hundred thousands digit of 474701111?
7
What is the tens digit of 46648285?
8
What is the units digit of 694971056?
6
What is the thousands digit of 544171856?
1
What is the hundred thousands digit of 55374536?
3
What is the tens digit of 1738813814?
1
What is the units digit of 2026690110?
0
What is the hundred millions digit of 3137867087?
1
What is the ten millions digit of 1155601290?
5
What is the hundreds digit of 253782550?
5
What is the units digit of 489071960?
0
What is the ten millions digit of 37232824?
3
What is the millions digit of 1670991776?
0
What is the ten millions digit of 1163823970?
6
What is the hundred thousands digit of 43689842?
6
What is the thousands digit of 205196930?
6
What is the ten millions digit of 794479144?
9
What is the ten millions digit of 14689470?
1
What is the ten millions digit of 979113331?
7
What is the ten thousands digit of 68392041?
9
What is the ten thousands digit of 566477016?
7
What is the millions digit of 936065829?
6
What is the thousands digit of 311699140?
9
What is the thousands digit of 825542981?
2
What is the units digit of 57194071?
1
What is the hundred thousands digit of 3798194671?
1
What is the ten millions digit of 4149819810?
4
What is the units digit of 50603782?
2
What is the units digit of 1082467390?
0
What is the units digit of 159907826?
6
What is the hundred thousands digit of 41980498?
9
What is the thousands digit of 109510287?
0
What is the tens digit of 297413616?
1
What is the tens digit of 8966664829?
2
What is the thousands digit of 22957061?
7
What is the hundred thousands digit of 286447975?
4
What is the thousands digit of 419430065?
0
What is the thousands digit of 3775696?
5
What is the millions digit of 844692848?
4
What is the thousands digit of 871888048?
8
What is the tens digit of 9497518?
1
What is the ten thousands digit of 276655725?
5
What is the ten millions digit of 50630840?
5
What is the hundred millions digit of 168777798?
1
What is the thousands digit of 45343936?
3
What is the units digit of 21606620?
0
What is the thousands digit of 139856638?
6
What is the ten millions digit of 787571175?
8
What is the units digit of 34926623?
3
What is the millions digit of 911952732?
1
What is the hundred thousands digit of 765156514?
1
What is the ten thousands digit of 163866779?
6
What is the ten millions digit of 3036746230?
3
What is the ten thousands digit of 427244533?
4
What is the thousands digit of 25602656?
2
What is the units digit of 43928260?
0
What is the tens digit of 122891599?
9
What is the tens digit of 37263016?
1
What is the ten millions digit of 2398930267?
9
What is the tens digit of 300007642?
4
What is the hundred thousands digit of 102205842?
2
What is the ten thousands digit of 267042629?
4
What is the hundred thousands digit of 329741343?
7
What is the hundreds digit of 68144036?
0
What is the ten millions digit of 46294284?
4
What is the millions digit of 43832073?
3
What is the tens digit of 1007134183?
8
What is the hundred thousands digit of 29259374?
2
What is the millions digit of 320314225?
0
What is the ten thousands digit of 700735933?
3
What is the hundred millions digit of 390994565?
3
What is the ten millions digit of 1871834235?
7
What is the tens digit of 606857260?
6
What is the millions digit of 88839857?
8
What is the thousands digit of 98726097?
6
What is the thousands digit of 3103370512?
0
What is the ten thousands digit of 209037312?
3
What is the thousands digit of 189723973?
3
What is the millions digit of 1052147547?
2
What is the tens digit of 41891331?
3
What is the hundreds digit of 2928797494?
4
What is the units digit of 5851567893?
3
What is the tens digit of 65296310?
1
What is the tens digit of 177263316?
1
What is the units digit of 4928769?
9
What is the units digit of 42388134?
4
What is the hundreds digit of 110247605?
6
What is the hundred thousands digit of 76224490?
2
What is the ten thousands digit of 129250322?
5
What is the hundreds digit of 1804820